{"id":51,"date":"2024-06-24T13:54:04","date_gmt":"2024-06-24T11:54:04","guid":{"rendered":"http:\/\/vsqshop.timohausmann.de\/index.php\/agb\/"},"modified":"2024-12-23T20:02:59","modified_gmt":"2024-12-23T19:02:59","slug":"agb","status":"publish","type":"page","link":"https:\/\/visionstringquartet.com\/woo\/agb\/","title":{"rendered":"AGB"},"content":{"rendered":"<h3 class=\"wp-block-heading\"><strong>Allgemeine Gesch\u00e4ftsbedingungen<\/strong><strong><br><\/strong><\/h3><ol class=\"wp-block-list\"><li><strong>Geltungsbereich<\/strong><\/li><\/ol><ol class=\"wp-block-list\"><li>Diese Allgemeinen Gesch\u00e4ftsbedingungen gelten f\u00fcr den Verkauf von Noten in Form von PDF-Dateien zum Download sowie physischen Waren durch vision string quartet c\/o Leonard Disselhorst, Sickingenstr. 39, 10553 Berlin (nachstehend als \u201e<strong>wir<\/strong>\u201c bzw. \u201e<strong>uns\u201c <\/strong>bezeichnet) an den Kunden (nachstehend als \u201e<strong>Kunde<\/strong>\u201c oder \u201e<strong>Sie<\/strong>\u201c bzw. \u201e<strong>Ihnen<\/strong>\u201c bezeichnet).<br><\/li>\n\n<li>Abweichende und\/oder \u00fcber diese Allgemeinen Gesch\u00e4ftsbedingungen hinausgehende Gesch\u00e4ftsbedingungen des Kunden werden nicht Vertragsinhalt.<\/li><\/ol><ol start=\"2\" class=\"wp-block-list\"><li><strong>Vertragsschluss, Speicherung der Vertragsbestimmungen und Vertragssprache&nbsp;<\/strong><\/li><\/ol><ol class=\"wp-block-list\"><li>Der Vertrag kommt wie folgt zustande: Erst Ihre Bestellung unserer Leistung ist ein bindendes Angebot zum Abschluss eines entsprechenden Vertrages. Um die Bestellung vorzunehmen, durchlaufen Sie den Bestellprozess auf der Website und tragen die dort abgefragten Angaben ein. Vor Absendung der Bestellung haben Sie die M\u00f6glichkeit, s\u00e4mtliche Bestelldaten noch einmal zu \u00fcberpr\u00fcfen und ggf. zu korrigieren. Erst mit der Absendung der Bestellung geben Sie an uns ein verbindliches Angebot zum Abschluss eines Vertrages ab.&nbsp;<\/li><\/ol><p>Wir k\u00f6nnen Ihr Angebot innerhalb von f\u00fcnf Tagen durch&nbsp;<\/p><ul class=\"wp-block-list\"><li>Zusendung einer Auftragsbest\u00e4tigung per Post, Fax oder E-Mail, oder<\/li>\n\n<li>Aufforderung zur Zahlung<\/li><\/ul><p>annehmen; ma\u00dfgeblich f\u00fcr die Einhaltung der Frist ist jeweils der Zeitpunkt des Zugangs unserer Auftragsbest\u00e4tigung oder Zahlungsaufforderung bei Ihnen.<\/p><ol start=\"2\" class=\"wp-block-list\"><li>Wir speichern die Vertragsbestimmungen, also die Bestelldaten \/ Registrierungsdaten und die vorliegenden AGB. Sie k\u00f6nnen die Vertragsbestimmungen Ihrerseits ausdrucken oder speichern, indem Sie jeweils die \u00fcbliche Funktionalit\u00e4t Ihres Browsers nutzen (dort meist \u201eDrucken\u201c bzw. &#8222;Datei&#8220; &gt; &#8222;Speichern unter&#8220;). Die Bestelldaten\/Registrierungsdaten sind in der \u00dcbersicht enthalten, die im letzten Schritt der Bestellung\/Registrierung angezeigt wird.<\/li><\/ol><ol start=\"3\" class=\"wp-block-list\"><li>Vertragssprache ist Deutsch.<\/li><\/ol><ol start=\"3\" class=\"wp-block-list\"><li><strong>Kundenkonto (bei Online-Bestellungen)<\/strong><\/li><\/ol><p>Zur bequemeren Nutzung des Online-Shops haben Sie die M\u00f6glichkeit, ein Kundenkonto zu er\u00f6ffnen. Sie sind verpflichtet, Ihre Zugangsdaten wie bspw. Ihr Passwort vertraulich zu behandeln, und uns im Falle des Verlusts oder einer unbefugten Nutzung Ihrer Zugangsdaten unverz\u00fcglich zu unterrichten.<\/p><ol start=\"4\" class=\"wp-block-list\"><li><strong>Zahlung<\/strong><\/li><\/ol><p>Ist Vorkasse vereinbart, so ist die Zahlung unverz\u00fcglich nach Vertragsschluss f\u00e4llig.<\/p><ol start=\"5\" class=\"wp-block-list\"><li><strong>Verbraucher-Widerrufsrecht<\/strong><\/li><\/ol><p>Das Widerrufsrecht erlischt nach \u00a7 356 Absatz 5 BGB bei einem Vertrag \u00fcber die Lieferung von nicht auf einem k\u00f6rperlichen Datentr\u00e4ger befindlichen digitalen Inhalten auch dann, wenn der Unternehmer mit der Ausf\u00fchrung des Vertrages begonnen hat, nachdem der Verbraucher<\/p><p>&#8211;&nbsp; &nbsp; ausdr\u00fccklich zugestimmt hat, dass der Unternehmer mit der Ausf\u00fchrung des Vertrags vor Ablauf der Widerrufsfrist beginnt und<\/p><p>&#8211;&nbsp; &nbsp; seine Kenntnis davon best\u00e4tigt hat, dass er durch seine Zustimmung mit Beginn der Ausf\u00fchrung des Vertrags sein Widerrufsrecht verliert.<\/p><ol start=\"6\" class=\"wp-block-list\"><li><strong>Nutzungsrechte<\/strong><\/li><\/ol><p>Unsere Noten sind urheberrechtlich gesch\u00fctzt. Sie d\u00fcrfen nur f\u00fcr den bestimmungsgem\u00e4\u00dfen Zweck genutzt werden. Vorbehaltlich Vervielf\u00e4ltigungen zum privaten und sonstigen eigenen Gebrauch im Rahmen der urheberrechtlichen Schrankenbestimmungen d\u00fcrfen sie ohne unsere Zustimmung nicht \u2013 auch nicht in Teilen \u2013 vervielf\u00e4ltigt werden. Sie d\u00fcrfen weder verbreitet, vorgef\u00fchrt, \u00f6ffentlich zug\u00e4nglich gemacht oder sonst \u00f6ffentlich wiedergegeben werden.<\/p><ol start=\"7\" class=\"wp-block-list\"><li><strong>M\u00e4ngelanspr\u00fcche (Gew\u00e4hrleistung)<\/strong><\/li><\/ol><p>(1)&nbsp; Gegen\u00fcber Verbrauchern gilt:<\/p><p>F\u00fcr unsere Gew\u00e4hrleistungsverpflichtungen gelten die gesetzlichen Gew\u00e4hrleistungsbestimmungen.<br><\/p><p>(2) Gegen\u00fcber Unternehmern gilt:<\/p><p>Soweit ein Mangel der Sache vorliegt, leisten wir zun\u00e4chst Gew\u00e4hr durch Nacherf\u00fcllung, und zwar nach unserer Wahl entweder in Form einer Mangelbeseitigung oder einer Ersatzlieferung. Ist die Nacherf\u00fcllung fehlgeschlagen, ist der Kunde berechtigt, die Gegenleistung zu mindern oder \u2013 bei erheblichen M\u00e4ngeln \u2013 vom Vertrag zur\u00fcckzutreten.<br>Anspr\u00fcche des Kunden wegen Sachm\u00e4ngeln verj\u00e4hren in einem Jahr ab Ablieferung des Kaufgegenstandes an den Kunden. Ausgenommen hiervon sind Schadensersatzanspr\u00fcche des Kunden, die auf Ersatz eines K\u00f6rper- oder Gesundheitsschadens wegen eines von uns zu vertretenden Mangels gerichtet oder auf grobes Verschulden von uns oder unserer Erf\u00fcllungsgehilfen zur\u00fcckzuf\u00fchren sind; f\u00fcr diese Anspr\u00fcche gilt die gesetzliche Verj\u00e4hrungsfrist.<\/p><ol start=\"8\" class=\"wp-block-list\"><li><strong>Haftungsausschl\u00fcsse und -beschr\u00e4nkungen<\/strong><\/li><\/ol><p>F\u00fcr eine Haftung von uns auf Schadensersatz gilt:<\/p><ol class=\"wp-block-list\"><li>Bei Vorsatz und grober Fahrl\u00e4ssigkeit, auch unserer Erf\u00fcllungsgehilfen, haften wir nach den gesetzlichen Bestimmungen. Das gleiche gilt bei fahrl\u00e4ssig verursachten Sch\u00e4den aus der Verletzung des Lebens, des K\u00f6rpers oder der Gesundheit.<br><\/li>\n\n<li>Bei fahrl\u00e4ssig verursachten Sach- und Verm\u00f6genssch\u00e4den haften wir nur bei der Verletzung einer wesentlichen Vertragspflicht, jedoch der H\u00f6he nach beschr\u00e4nkt auf die bei Vertragsschluss vorhersehbaren und vertragstypischen Sch\u00e4den; wesentliche Vertragspflichten sind solche, deren Erf\u00fcllung die ordnungsgem\u00e4\u00dfe Durchf\u00fchrung des Vertrags \u00fcberhaupt erst erm\u00f6glicht und auf deren Einhaltung der Vertragspartner regelm\u00e4\u00dfig vertrauen darf.<br><\/li>\n\n<li>Im \u00dcbrigen ist eine Haftung von uns, unabh\u00e4ngig von deren Rechtsgrund, ausgeschlossen.<br><\/li>\n\n<li>Die Haftungsausschl\u00fcsse und -beschr\u00e4nkungen der vorstehenden Abs\u00e4tze (1) bis (3) gelten sinngem\u00e4\u00df auch zugunsten unserer Erf\u00fcllungsgehilfen.<br><\/li>\n\n<li>Eine Haftung wegen \u00dcbernahme einer Garantie oder nach dem Produkthaftungsgesetz bleibt von den Haftungsausschl\u00fcssen und -beschr\u00e4nkungen der vorstehenden Abs\u00e4tze (1) bis (4) unber\u00fchrt.<\/li><\/ol><ol start=\"9\" class=\"wp-block-list\"><li><strong>Rechtswahl, Gerichtsstand<\/strong><\/li><\/ol><ol class=\"wp-block-list\"><li>Es gilt das Recht der Bundesrepublik Deutschland. Das UN-Kaufrecht ist ausgeschlossen. Gegen\u00fcber einem Verbraucher gilt diese Rechtswahl nur insoweit, als dadurch keine zwingenden gesetzlichen Bestimmungen des Staates, in dem er seinen Wohnsitz oder gew\u00f6hnlichen Aufenthalt hat, eingeschr\u00e4nkt werden.&nbsp;<\/li><\/ol><ol start=\"2\" class=\"wp-block-list\"><li>Gerichtsstand im Verkehr mit Kaufleuten, juristischen Personen des \u00f6ffentlichen Rechts oder \u00f6ffentlich-rechtlichen Sonderverm\u00f6gen ist der Sitz unseres Unternehmens. Wir sind jedoch nach unserer Wahl berechtigt, am Sitz des Kunden zu klagen.<\/li><\/ol>","protected":false},"excerpt":{"rendered":"<p>Allgemeine Gesch\u00e4ftsbedingungen Wir k\u00f6nnen Ihr Angebot innerhalb von f\u00fcnf Tagen durch&nbsp; annehmen; ma\u00dfgeblich f\u00fcr die Einhaltung der Frist ist jeweils der Zeitpunkt des Zugangs unserer Auftragsbest\u00e4tigung oder Zahlungsaufforderung bei Ihnen. Zur bequemeren Nutzung des Online-Shops haben Sie die M\u00f6glichkeit, ein Kundenkonto zu er\u00f6ffnen. Sie sind verpflichtet, Ihre Zugangsdaten wie bspw. Ihr Passwort vertraulich zu behandeln, [&hellip;]<\/p>\n","protected":false},"author":1,"featured_media":0,"parent":0,"menu_order":0,"comment_status":"closed","ping_status":"closed","template":"","meta":{"inline_featured_image":false,"footnotes":""},"class_list":["post-51","page","type-page","status-publish","hentry"],"_links":{"self":[{"href":"https:\/\/visionstringquartet.com\/woo\/wp-json\/wp\/v2\/pages\/51","targetHints":{"allow":["GET"]}}],"collection":[{"href":"https:\/\/visionstringquartet.com\/woo\/wp-json\/wp\/v2\/pages"}],"about":[{"href":"https:\/\/visionstringquartet.com\/woo\/wp-json\/wp\/v2\/types\/page"}],"author":[{"embeddable":true,"href":"https:\/\/visionstringquartet.com\/woo\/wp-json\/wp\/v2\/users\/1"}],"replies":[{"embeddable":true,"href":"https:\/\/visionstringquartet.com\/woo\/wp-json\/wp\/v2\/comments?post=51"}],"version-history":[{"count":7,"href":"https:\/\/visionstringquartet.com\/woo\/wp-json\/wp\/v2\/pages\/51\/revisions"}],"predecessor-version":[{"id":278,"href":"https:\/\/visionstringquartet.com\/woo\/wp-json\/wp\/v2\/pages\/51\/revisions\/278"}],"wp:attachment":[{"href":"https:\/\/visionstringquartet.com\/woo\/wp-json\/wp\/v2\/media?parent=51"}],"curies":[{"name":"wp","href":"https:\/\/api.w.org\/{rel}","templated":true}]}}